63 a composite number?
True
Is 3831 prime?
False
Is 392011 prime?
True
Is 2961019 a prime number?
True
Is 45407 a composite number?
True
Is 506467 composite?
True
Is 3941 prime?
False
Is 753931 a composite number?
False
Is 870634 composite?
True
Is 7243 a composite number?
False
Is 17021 prime?
True
Is 9034 a prime number?
False
Is 78749 a composite number?
True
Is 327881 a prime number?
True
Is 2306 prime?
False
Is 95258 prime?
False
Is 47591 prime?
True
Is 1212769 a prime number?
True
Is 10181 a composite number?
False
Is 19921 composite?
True
Is 8791 a composite number?
True
Is 1893 a composite number?
True
Is 1534517 prime?
True
Is 3989 composite?
False
Is 268309 a prime number?
False
Is 111719 a prime number?
False
Is 382685 composite?
True
Is 19207 prime?
True
Is 22271 a prime number?
True
Is 7121 a composite number?
False
Is 15727 a composite number?
False
Is 24887 prime?
False
Is 29411 composite?
False
Is 1929731 prime?
True
Is 6673 composite?
False
Is 1513 composite?
True
Is 4211 a composite number?
False
Is 787 a prime number?
True
Is 96103 a prime number?
False
Is 143549 a composite number?
True
Is 4461 composite?
True
Is 2792609 composite?
True
Is 237205 prime?
False
Is 13073 composite?
True
Is 1027993 a prime number?
False
Is 225805 composite?
True
Is 2719 composite?
False
Is 1075895 composite?
True
Is 14458 prime?
False
Is 5297 a prime number?
True
Is 31163 a prime number?
False
Is 19673 composite?
True
Is 2257 composite?
True
Is 83257 composite?
False
Is 35873 composite?
True
Is 7197 a composite number?
True
Is 142687 a composite number?
True
Is 25867 prime?
True
Is 6803 prime?
True
Is 22957 prime?
False
Is 1129423 prime?
False
Is 31279 a composite number?
True
Is 50821 a prime number?
True
Is 82591 a prime number?
True
Is 6331 composite?
True
Is 331 a composite number?
False
Is 122361 prime?
False
Is 91367 a prime number?
True
Is 1932187 a composite number?
True
Is 3754 a composite number?
True
Is 28387 prime?
True
Is 568523 composite?
False
Is 96661 prime?
True
Is 75523 a composite number?
True
Is 1276271 composite?
False
Is 7751 prime?
False
Is 722819 a composite number?
False
Is 16771 composite?
True
Is 14173 prime?
True
Is 50497 composite?
False
Is 1639 a composite number?
True
Is 24281 composite?
False
Is 312269 prime?
True
Is 271883 a prime number?
False
Is 119539 composite?
True
Is 30661 a composite number?
False
Is 201583 a composite number?
True
Is 8501 a composite number?
False
Is 89458 composite?
True
Is 17357 prime?
False
Is 307531 composite?
True
Is 714331 composite?
True
Is 1709 prime?
True
Is 708655 a composite number?
True
Is 4106471 a composite number?
False
Is 44683 prime?
True
Is 1084683 a composite number?
True
Is 11303 a prime number?
False
Is 137849 a composite number?
False
Is 444401 prime?
True
Is 141541 composite?
True
Is 83737 a composite number?
False
Is 10781 a composite number?
False
Is 5953 prime?
True
Is 259099 a composite number?
False
Is 30518 a prime number?
False
Is 4487 composite?
True
Is 115993 a prime number?
False
Is 167 a composite number?
False
Is 8903 a composite number?
True
Is 656221 prime?
True
Is 195815 a composite number?
True
Is 1062073 prime?
True
Is 1552714 a prime number?
False
Is 34967 a prime number?
False
Is 223 composite?
False
Is 64587 prime?
False
Is 62773 prime?
True
Is 8663 composite?
False
Is 1199 a composite number?
True
Is 4633 prime?
False
Is 213511 a prime number?
False
Is 25427 composite?
True
Is 1405 a composite number?
True
Is 79159 a composite number?
False
Is 12007 a composite number?
False
Is 404933 a composite number?
True
Is 3743 prime?
False
Is 20053 a composite number?
True
Is 228535 prime?
False
Is 1158953 prime?
True
Is 95723 prime?
True
Is 13163 composite?
False
Is 361763 a composite number?
False
Is 50621 prime?
False
Is 6787 a composite number?
True
Is 6143 prime?
True
Is 4535 a composite number?
True
Is 40159 a prime number?
False
Is 114859 composite?
False
Is 797423 a prime number?
False
Is 43739 prime?
False
Is 37381 a composite number?
True
Is 18355 a composite number?
True
Is 12031 prime?
False
Is 141439 prime?
True
Is 18119 prime?
True
Is 5633 composite?
True
Is 19883 composite?
True
Is 316586 a composite number?
True
Is 263 prime?
True
Is 11443 a composite number?
False
Is 1361 composite?
False
Is 260641 composite?
True
Is 89491 a composite number?
False
Is 389 prime?
True
Is 155609 composite?
False
Is 47933 a prime number?
True
Is 18933 a prime number?
False
Is 1308451 prime?
False
Is 751 prime?
True
Is 62849 composite?
True
Is 525257 a composite number?
False
Is 1057421 prime?
True
Is 22054 composite?
True
Is 71871 composite?
True
Is 211501 a composite number?
False
Is 9173 a composite number?
False
Is 166031 a prime number?
True
Is 11821 composite?
False
Is 409873 prime?
False
Is 239971 a composite number?
True
Is 275267 a prime number?
False
Is 16649 prime?
True
Is 13901 composite?
False
Is 3098 a composite number?
True
Is 794 a composite number?
True
Is 2773 composite?
True
Is 39859 a prime number?
False
Is 146779 prime?
False
Is 147527 a prime number?
False
Is 38113 a composite number?
False
Is 1728247 prime?
True
Is 32441 composite?
False
Is 1169 a composite number?
True
Is 60205 a prime number?
False
Is 20721 a composite number?
True
Is 37619 prime?
True
Is 95369 composite?
False
Is 478 a prime number?
False
Is 18371 a composite number?
False
Is 48407 composite?
False
Is 14159 a composite number?
False
Is 462395 prime?
False
Is 151303 composite?
False
Is 866161 prime?
True
Is 513943 a prime number?
True
Is 271793 prime?
False
Is 491401 prime?
False
Is 2828627 prime?
True
Is 32602 a composite number?
True
Is 4259 a composite number?
False
Is 1973 composite?
False
Is 67523 a composite number?
False
Is 477187 composite?
True
Is 57 prime?
False
Is 10135 prime?
False
Is 52067 prime?
True
Is 5707 prime?
False
Is 37691 composite?
False
Is 7561 prime?
True
Is 1348757 composite?
False
Is 43049 prime?
True
Is 1231453 a composite number?
False
Is 123307 a composite number?
False
Is 417811 prime?
True
Is 328709 prime?
True
Is 1187 prime?
True
Is 4219 a composite number?
False
Is 104459 prime?
True
Is 113107 a prime number?
False
Is 39747 composite?
True
Is 69461 a prime number?
False
Is 223235 a composite number?
True
Is 14173 composite?
False
Is 516931 prime?
True
Is 61001 a prime number?
True
Is 14 composite?
True
Is 938517 a prime number?
False
Is 19157 prime?
True
Is 8663 a composite number?
False
Is 106219 prime?
True
Is 1117 a composite number?
False
Is 78017 prime?
True
Is 2721 composite?
True
Is 36151 composite?
False
Is 1144291 a prime number?
True
Is 1194295 prime?
False
Is 57059 composite?
False
Is 51053 a composite number?
True
Is 9533 a prime number?
True
Is 569573 a prime number?
True
Is 3973 prime?
False
Is 183151 a prime number?
True
Is 44093 a composite number?
True
Is 29077 a composite number?
False
Is 3814 a prime number?
False
Is 24791 a composite number?
True
Is 8069 a composite number?
False
Is 1504651 a prime number?
True
Is 1070131 a prime number?
True
Is 438062 composite?
True
Is 4049 a composite number?
False
Is 58129 prime?
True
Is 2560493 a composite number?
True
Is 231635 a composite number?
True
Is 1397 a prime number?
False
Is 45767 a prime number?
True
Is 187441 a prime number?
True
Is 5767 a composite number?
True
Is 273403 a composite number?
True
Is 265703 a composite number?
False
Is 3330391 composite?
False
Is 1351587 prime?
False
Is 7607 a composite number?
False
Is 599927 prime?
True
Is 14951 a composite number?
False
Is 371733 a composite number?
True
Is 105071 a composite number?
False
Is 15721 composite?
True
Is 82837 a composite number?
False
Is 30187 a prime number?
True
Is 535697 composite?
False
Is 203789 a composite number?
False
Is 393317 prime?
False
Is 52522 a prime number?
False
Is 23741 prime?
True
Is 3943 prime?
True
Is 7603 composite?
False
Is 21763 a prime number?
False
Is 49382 a prime number?
False
Is 37907 a composite number?
False
Is 649 a prime number?
False
Is 4101101 prime?
True
Is 17855 a composite number?
True
Is 106501 composite?
False
Is 740371 a prime number?
True
Is 210998 prime?
False
Is 5167 a prime number?
True
Is 65309 a prime number?
True
Is 13211 a composite number?
Tru